{"id":18146,"date":"2019-10-10T13:23:36","date_gmt":"2019-10-10T16:23:36","guid":{"rendered":"https:\/\/coregroup.com.br\/pt-br\/?page_id=18146"},"modified":"2025-08-18T10:56:33","modified_gmt":"2025-08-18T13:56:33","slug":"premios-e-certificacoes-marketing-digital","status":"publish","type":"page","link":"https:\/\/coregroup.com.br\/pt-br\/premios-e-certificacoes-marketing-digital\/","title":{"rendered":"Pr\u00eamios &#038; Certifica\u00e7\u00f5es"},"content":{"rendered":"<div id=\"dslc-theme-content\"><div id=\"dslc-theme-content-inner\"><div id=\"dslc-main\">\n<div  class=\"dslc-modules-section\" style=\"padding-bottom:23px;padding-top:23px;\" data-section-id=\"b684dc69e33\">\n<div class=\"dslc-modules-section-wrapper dslc-clearfix\">\n<style type=\"text\/css\" id=\"dslca-modules-area-\"><\/style>\n<div  class=\"dslc-modules-area dslc-col dslc-6-col dslc-first-col dslc-valign-\" data-size=\"6\" data-valign=\"\" data-modules-area-id=\"\" >\n<div id=\"dslc-module-b3f7b2fff29\" class=\"dslc-module-front dslc-module-DSLC_Image dslc-in-viewport-check dslc-in-viewport-anim-none  dslc-col dslc-12-col dslc-last-col  dslc-module-handle-like-regular\" data-module-id=\"b3f7b2fff29\" data-module=\"DSLC_Image\" data-dslc-module-size=\"12\" data-dslc-anim=\"none\" data-dslc-anim-delay=\"\" data-dslc-anim-duration=\"650\"  data-dslc-anim-easing=\"ease\" data-dslc-preset=\"none\" >\n<div class=\"dslc-image-container\">\n<div class=\"dslc-image\">\n<p>\t\t\t\t\t\t\t\t\t<img decoding=\"async\" src=\"https:\/\/coregroup.com.br\/pt-br\/wp-content\/uploads\/2019\/10\/institucional.png\" alt=\"\" title=\"\" srcset=\"https:\/\/coregroup.com.br\/pt-br\/wp-content\/uploads\/2019\/10\/institucional.png 1200w,  https:\/\/coregroup.com.br\/pt-br\/wp-content\/uploads\/2019\/10\/institucional-150x150.png 150w,  https:\/\/coregroup.com.br\/pt-br\/wp-content\/uploads\/2019\/10\/institucional-300x300.png 300w,  https:\/\/coregroup.com.br\/pt-br\/wp-content\/uploads\/2019\/10\/institucional-768x768.png 768w,  https:\/\/coregroup.com.br\/pt-br\/wp-content\/uploads\/2019\/10\/institucional-1024x1024.png 1024w\" sizes=\"(max-width: 1200px) 100vw, 1200px\" \/><\/p><\/div>\n<p><!-- .dslc-image -->\n\t\t<\/div>\n<\/p><\/div>\n<p><!-- .dslc-module -->\n\t\t<\/div>\n<style type=\"text\/css\" id=\"dslca-modules-area-\"><\/style>\n<div  class=\"dslc-modules-area dslc-col dslc-6-col dslc-last-col dslc-valign-\" data-size=\"6\" data-valign=\"\" data-modules-area-id=\"\" >\n<div id=\"dslc-module-d176f56f972\" class=\"dslc-module-front dslc-module-DSLC_Separator dslc-in-viewport-check dslc-in-viewport-anim-none  dslc-col dslc-12-col dslc-last-col  dslc-module-handle-like-regular\" data-module-id=\"d176f56f972\" data-module=\"DSLC_Separator\" data-dslc-module-size=\"12\" data-dslc-anim=\"none\" data-dslc-anim-delay=\"0\" data-dslc-anim-duration=\"650\"  data-dslc-anim-easing=\"ease\" data-dslc-preset=\"none\" >\n<div class=\"dslc-separator-wrapper\">\n<div class=\"dslc-separator dslc-separator-style-invisible\">\n\t\t\t\t\t\t\t\t\t<\/div>\n<div><\/div>\n<\/p><\/div>\n<p><!-- .dslc-separator-wrapper --><\/p><\/div>\n<p><!-- .dslc-module --><\/p>\n<div id=\"dslc-module-5duq93pjrl\" class=\"dslc-module-front dslc-module-DSLC_Text_Simple dslc-in-viewport-check dslc-in-viewport-anim-none  dslc-col dslc-12-col dslc-last-col  dslc-module-handle-like-regular\" data-module-id=\"5duq93pjrl\" data-module=\"DSLC_Text_Simple\" data-dslc-module-size=\"12\" data-dslc-anim=\"none\" data-dslc-anim-delay=\"\" data-dslc-anim-duration=\"650\"  data-dslc-anim-easing=\"ease\" data-dslc-preset=\"none\" >\n<div class=\"dslc-text-module-content\">\n<p style=\"font-weight: 400;\">Desde que foi criado em 1967, o Pr\u00eamio Aberje vem acompanhando as mudan\u00e7as do setor e hoje, por meio da apresenta\u00e7\u00e3o de cases inspiradores e do compartilhamento de experi\u00eancias, ajuda a promover melhores pr\u00e1ticas da comunica\u00e7\u00e3o de empresas e institui\u00e7\u00f5es de todo o Brasil.\u00a0A Core j\u00e1 conquistou cinco pr\u00eamios da Associa\u00e7\u00e3o Brasileira de Comunica\u00e7\u00e3o Empresarial (Aberje) na categoria Assessoria de Imprensa, com cases das Lojas Renner, Caixa Econ\u00f4mica Federal, Pequenas Empresas Grandes Neg\u00f3cios e o filme brasileiro Anahy de las Misiones.<\/p>\n<p style=\"font-weight: 400;\">A Core j\u00e1 ganhou tamb\u00e9m seis pr\u00eamios da Unimed, em trabalhos de comunica\u00e7\u00e3o interna reconhecidos pela companhia mediante avalia\u00e7\u00e3o de servi\u00e7os executados pelas mais de 300 Unimeds espalhadas pelo Brasil. Todas as unidades apresentam cases, que s\u00e3o avaliados por uma banca formada por comunicadores profissionais do mercado.<\/p>\n<p style=\"font-weight: 400;\">Al\u00e9m das premia\u00e7\u00f5es, a Core tamb\u00e9m \u00e9 parceira das principais empresas de tecnologia de automa\u00e7\u00e3o de marketing, de quem tamb\u00e9m recebeu certifica\u00e7\u00f5es para execu\u00e7\u00e3o de seus servi\u00e7os.<\/p>\n<\/p><\/div>\n<\/p><\/div>\n<p><!-- .dslc-module -->\n\t\t<\/div>\n<\/div>\n<\/div>\n<div  class=\"dslc-modules-section\" style=\"\" data-section-id=\"e388e28c9f1\">\n<div class=\"dslc-modules-section-wrapper dslc-clearfix\">\n<style type=\"text\/css\" id=\"dslca-modules-area-\"><\/style>\n<div  class=\"dslc-modules-area dslc-col dslc-3-col dslc-first-col dslc-valign-\" data-size=\"3\" data-valign=\"\" data-modules-area-id=\"\" >\n<div id=\"dslc-module-a1666b5e7b7\" class=\"dslc-module-front dslc-module-DSLC_Image dslc-in-viewport-check dslc-in-viewport-anim-none  dslc-col dslc-12-col dslc-last-col  dslc-module-handle-like-regular\" data-module-id=\"a1666b5e7b7\" data-module=\"DSLC_Image\" data-dslc-module-size=\"12\" data-dslc-anim=\"none\" data-dslc-anim-delay=\"\" data-dslc-anim-duration=\"650\"  data-dslc-anim-easing=\"ease\" data-dslc-preset=\"none\" >\n<div class=\"dslc-image-container\">\n<div class=\"dslc-image\">\n<p>\t\t\t\t\t\t\t\t\t<a class=\"\" href=\"https:\/\/www.ibm.com\/watson\/br-pt\/\" target=\"_blank\" rel=\"noopener\"><br \/>\n\t\t\t\t\t\t\t\t\t<img decoding=\"async\" src=\"https:\/\/coregroup.com.br\/pt-br\/wp-content\/uploads\/2019\/10\/logo-ibm-175x175.png\" alt=\"\" title=\"\"   \/><br \/>\n\t\t\t\t\t\t\t\t\t<\/a><\/p><\/div>\n<p><!-- .dslc-image -->\n\t\t<\/div>\n<\/p><\/div>\n<p><!-- .dslc-module -->\n\t\t<\/div>\n<style type=\"text\/css\" id=\"dslca-modules-area-\"><\/style>\n<div  class=\"dslc-modules-area dslc-col dslc-3-col  dslc-valign-\" data-size=\"3\" data-valign=\"\" data-modules-area-id=\"\" >\n<div id=\"dslc-module-ko2arihcr78\" class=\"dslc-module-front dslc-module-DSLC_Image dslc-in-viewport-check dslc-in-viewport-anim-none  dslc-col dslc-12-col dslc-last-col  dslc-module-handle-like-regular\" data-module-id=\"ko2arihcr78\" data-module=\"DSLC_Image\" data-dslc-module-size=\"12\" data-dslc-anim=\"none\" data-dslc-anim-delay=\"\" data-dslc-anim-duration=\"650\"  data-dslc-anim-easing=\"ease\" data-dslc-preset=\"none\" >\n<div class=\"dslc-image-container\">\n<div class=\"dslc-image\">\n<p>\t\t\t\t\t\t\t\t\t<a class=\"\" href=\"https:\/\/br.hubspot.com\/\" target=\"_blank\" rel=\"noopener\"><br \/>\n\t\t\t\t\t\t\t\t\t<img decoding=\"async\" src=\"https:\/\/coregroup.com.br\/pt-br\/wp-content\/uploads\/2019\/10\/logo-hubspot-175x175.png\" alt=\"\" title=\"\"   \/><br \/>\n\t\t\t\t\t\t\t\t\t<\/a><\/p><\/div>\n<p><!-- .dslc-image -->\n\t\t<\/div>\n<\/p><\/div>\n<p><!-- .dslc-module -->\n\t\t<\/div>\n<style type=\"text\/css\" id=\"dslca-modules-area-\"><\/style>\n<div  class=\"dslc-modules-area dslc-col dslc-3-col  dslc-valign-\" data-size=\"3\" data-valign=\"\" data-modules-area-id=\"\" >\n<div id=\"dslc-module-fkh2sl2lcog\" class=\"dslc-module-front dslc-module-DSLC_Image dslc-in-viewport-check dslc-in-viewport-anim-none  dslc-col dslc-12-col dslc-last-col  dslc-module-handle-like-regular\" data-module-id=\"fkh2sl2lcog\" data-module=\"DSLC_Image\" data-dslc-module-size=\"12\" data-dslc-anim=\"none\" data-dslc-anim-delay=\"\" data-dslc-anim-duration=\"650\"  data-dslc-anim-easing=\"ease\" data-dslc-preset=\"none\" >\n<div class=\"dslc-image-container\">\n<div class=\"dslc-image\">\n<p>\t\t\t\t\t\t\t\t\t<a class=\"\" href=\"https:\/\/www.google.com\/intl\/pt-BR_br\/partners\/about\/join\/\" target=\"_blank\" rel=\"noopener\"><br \/>\n\t\t\t\t\t\t\t\t\t<img decoding=\"async\" src=\"https:\/\/coregroup.com.br\/pt-br\/wp-content\/uploads\/2019\/10\/logo-google-250x250.png\" alt=\"\" title=\"\"   \/><br \/>\n\t\t\t\t\t\t\t\t\t<\/a><\/p><\/div>\n<p><!-- .dslc-image -->\n\t\t<\/div>\n<\/p><\/div>\n<p><!-- .dslc-module -->\n\t\t<\/div>\n<style type=\"text\/css\" id=\"dslca-modules-area-\"><\/style>\n<div  class=\"dslc-modules-area dslc-col dslc-3-col dslc-last-col dslc-valign-\" data-size=\"3\" data-valign=\"\" data-modules-area-id=\"\" >\n<div id=\"dslc-module-chrjr1bg4h8\" class=\"dslc-module-front dslc-module-DSLC_Image dslc-in-viewport-check dslc-in-viewport-anim-none  dslc-col dslc-12-col dslc-last-col  dslc-module-handle-like-regular\" data-module-id=\"chrjr1bg4h8\" data-module=\"DSLC_Image\" data-dslc-module-size=\"12\" data-dslc-anim=\"none\" data-dslc-anim-delay=\"\" data-dslc-anim-duration=\"650\"  data-dslc-anim-easing=\"ease\" data-dslc-preset=\"none\" >\n<div class=\"dslc-image-container\">\n<div class=\"dslc-image\">\n<p>\t\t\t\t\t\t\t\t\t<a class=\"\" href=\"https:\/\/www.rdstation.com\/\" target=\"_blank\" rel=\"noopener\"><br \/>\n\t\t\t\t\t\t\t\t\t<img decoding=\"async\" src=\"https:\/\/coregroup.com.br\/pt-br\/wp-content\/uploads\/2019\/10\/logo-rd-175x175.png\" alt=\"\" title=\"\"   \/><br \/>\n\t\t\t\t\t\t\t\t\t<\/a><\/p><\/div>\n<p><!-- .dslc-image -->\n\t\t<\/div>\n<\/p><\/div>\n<p><!-- .dslc-module -->\n\t\t<\/div>\n<\/div>\n<\/div>\n<\/div>\n<p><input type=\"hidden\" id=\"dslca-post-data-thumb\" value=\"https:\/\/coregroup.com.br\/pt-br\/wp-content\/uploads\/postthumb-5.png\" \/><\/p>\n<\/div><\/div>","protected":false},"excerpt":{"rendered":"<p>Desde que foi criado em 1967, o Pr\u00eamio Aberje vem acompanhando as mudan\u00e7as do setor e hoje, por meio da apresenta\u00e7\u00e3o de cases inspiradores e do compartilhamento de experi\u00eancias, ajuda a promover melhores pr\u00e1ticas da comunica\u00e7\u00e3o de empresas e institui\u00e7\u00f5es de todo o Brasil.\u00a0A Core j\u00e1 conquistou cinco pr\u00eamios da Associa\u00e7\u00e3o Brasileira de Comunica\u00e7\u00e3o Empresarial [&hellip;]<\/p>","protected":false},"author":3,"featured_media":1154,"parent":0,"menu_order":0,"comment_status":"closed","ping_status":"closed","template":"","meta":{"footnotes":"","_joinchat":[]},"_links":{"self":[{"href":"https:\/\/coregroup.com.br\/pt-br\/wp-json\/wp\/v2\/pages\/18146"}],"collection":[{"href":"https:\/\/coregroup.com.br\/pt-br\/wp-json\/wp\/v2\/pages"}],"about":[{"href":"https:\/\/coregroup.com.br\/pt-br\/wp-json\/wp\/v2\/types\/page"}],"author":[{"embeddable":true,"href":"https:\/\/coregroup.com.br\/pt-br\/wp-json\/wp\/v2\/users\/3"}],"replies":[{"embeddable":true,"href":"https:\/\/coregroup.com.br\/pt-br\/wp-json\/wp\/v2\/comments?post=18146"}],"version-history":[{"count":0,"href":"https:\/\/coregroup.com.br\/pt-br\/wp-json\/wp\/v2\/pages\/18146\/revisions"}],"wp:featuredmedia":[{"embeddable":true,"href":"https:\/\/coregroup.com.br\/pt-br\/wp-json\/wp\/v2\/media\/1154"}],"wp:attachment":[{"href":"https:\/\/coregroup.com.br\/pt-br\/wp-json\/wp\/v2\/media?parent=18146"}],"curies":[{"name":"wp","href":"https:\/\/api.w.org\/{rel}","templated":true}]}}

Prêmios &#038; Certificações

<div id="dslc-theme-content"><div id="dslc-theme-content-inner"><div id="dslc-main">
<div  class="dslc-modules-section" style="padding-bottom:23px;padding-top:23px;" data-section-id="b684dc69e33">
<div class="dslc-modules-section-wrapper dslc-clearfix">
<style type="text/css" id="dslca-modules-area-"></style>
<div  class="dslc-modules-area dslc-col dslc-6-col dslc-first-col dslc-valign-" data-size="6" data-valign="" data-modules-area-id="" >
<div id="dslc-module-b3f7b2fff29" class="dslc-module-front dslc-module-DSLC_Image dslc-in-viewport-check dslc-in-viewport-anim-none  dslc-col dslc-12-col dslc-last-col  dslc-module-handle-like-regular" data-module-id="b3f7b2fff29" data-module="DSLC_Image" data-dslc-module-size="12" data-dslc-anim="none" data-dslc-anim-delay="" data-dslc-anim-duration="650"  data-dslc-anim-easing="ease" data-dslc-preset="none" >
<div class="dslc-image-container">
<div class="dslc-image">
<p>									<img decoding="async" src="https://coregroup.com.br/pt-br/wp-content/uploads/2019/10/institucional.png" alt="" title="" srcset="https://coregroup.com.br/pt-br/wp-content/uploads/2019/10/institucional.png 1200w,  https://coregroup.com.br/pt-br/wp-content/uploads/2019/10/institucional-150x150.png 150w,  https://coregroup.com.br/pt-br/wp-content/uploads/2019/10/institucional-300x300.png 300w,  https://coregroup.com.br/pt-br/wp-content/uploads/2019/10/institucional-768x768.png 768w,  https://coregroup.com.br/pt-br/wp-content/uploads/2019/10/institucional-1024x1024.png 1024w" sizes="(max-width: 1200px) 100vw, 1200px" /></p></div>
<p><!-- .dslc-image -->
		</div>
</p></div>
<p><!-- .dslc-module -->
		</div>
<style type="text/css" id="dslca-modules-area-"></style>
<div  class="dslc-modules-area dslc-col dslc-6-col dslc-last-col dslc-valign-" data-size="6" data-valign="" data-modules-area-id="" >
<div id="dslc-module-d176f56f972" class="dslc-module-front dslc-module-DSLC_Separator dslc-in-viewport-check dslc-in-viewport-anim-none  dslc-col dslc-12-col dslc-last-col  dslc-module-handle-like-regular" data-module-id="d176f56f972" data-module="DSLC_Separator" data-dslc-module-size="12" data-dslc-anim="none" data-dslc-anim-delay="0" data-dslc-anim-duration="650"  data-dslc-anim-easing="ease" data-dslc-preset="none" >
<div class="dslc-separator-wrapper">
<div class="dslc-separator dslc-separator-style-invisible">
									</div>
<div></div>
</p></div>
<p><!-- .dslc-separator-wrapper --></p></div>
<p><!-- .dslc-module --></p>
<div id="dslc-module-5duq93pjrl" class="dslc-module-front dslc-module-DSLC_Text_Simple dslc-in-viewport-check dslc-in-viewport-anim-none  dslc-col dslc-12-col dslc-last-col  dslc-module-handle-like-regular" data-module-id="5duq93pjrl" data-module="DSLC_Text_Simple" data-dslc-module-size="12" data-dslc-anim="none" data-dslc-anim-delay="" data-dslc-anim-duration="650"  data-dslc-anim-easing="ease" data-dslc-preset="none" >
<div class="dslc-text-module-content">
<p style="font-weight: 400;">Desde que foi criado em 1967, o Prêmio Aberje vem acompanhando as mudanças do setor e hoje, por meio da apresentação de cases inspiradores e do compartilhamento de experiências, ajuda a promover melhores práticas da comunicação de empresas e instituições de todo o Brasil. A Core já conquistou cinco prêmios da Associação Brasileira de Comunicação Empresarial (Aberje) na categoria Assessoria de Imprensa, com cases das Lojas Renner, Caixa Econômica Federal, Pequenas Empresas Grandes Negócios e o filme brasileiro Anahy de las Misiones.</p>
<p style="font-weight: 400;">A Core já ganhou também seis prêmios da Unimed, em trabalhos de comunicação interna reconhecidos pela companhia mediante avaliação de serviços executados pelas mais de 300 Unimeds espalhadas pelo Brasil. Todas as unidades apresentam cases, que são avaliados por uma banca formada por comunicadores profissionais do mercado.</p>
<p style="font-weight: 400;">Além das premiações, a Core também é parceira das principais empresas de tecnologia de automação de marketing, de quem também recebeu certificações para execução de seus serviços.</p>
</p></div>
</p></div>
<p><!-- .dslc-module -->
		</div>
</div>
</div>
<div  class="dslc-modules-section" style="" data-section-id="e388e28c9f1">
<div class="dslc-modules-section-wrapper dslc-clearfix">
<style type="text/css" id="dslca-modules-area-"></style>
<div  class="dslc-modules-area dslc-col dslc-3-col dslc-first-col dslc-valign-" data-size="3" data-valign="" data-modules-area-id="" >
<div id="dslc-module-a1666b5e7b7" class="dslc-module-front dslc-module-DSLC_Image dslc-in-viewport-check dslc-in-viewport-anim-none  dslc-col dslc-12-col dslc-last-col  dslc-module-handle-like-regular" data-module-id="a1666b5e7b7" data-module="DSLC_Image" data-dslc-module-size="12" data-dslc-anim="none" data-dslc-anim-delay="" data-dslc-anim-duration="650"  data-dslc-anim-easing="ease" data-dslc-preset="none" >
<div class="dslc-image-container">
<div class="dslc-image">
<p>									<a class="" href="https://www.ibm.com/watson/br-pt/" target="_blank" rel="noopener"><br />
									<img decoding="async" src="https://coregroup.com.br/pt-br/wp-content/uploads/2019/10/logo-ibm-175x175.png" alt="" title=""   /><br />
									</a></p></div>
<p><!-- .dslc-image -->
		</div>
</p></div>
<p><!-- .dslc-module -->
		</div>
<style type="text/css" id="dslca-modules-area-"></style>
<div  class="dslc-modules-area dslc-col dslc-3-col  dslc-valign-" data-size="3" data-valign="" data-modules-area-id="" >
<div id="dslc-module-ko2arihcr78" class="dslc-module-front dslc-module-DSLC_Image dslc-in-viewport-check dslc-in-viewport-anim-none  dslc-col dslc-12-col dslc-last-col  dslc-module-handle-like-regular" data-module-id="ko2arihcr78" data-module="DSLC_Image" data-dslc-module-size="12" data-dslc-anim="none" data-dslc-anim-delay="" data-dslc-anim-duration="650"  data-dslc-anim-easing="ease" data-dslc-preset="none" >
<div class="dslc-image-container">
<div class="dslc-image">
<p>									<a class="" href="https://br.hubspot.com/" target="_blank" rel="noopener"><br />
									<img decoding="async" src="https://coregroup.com.br/pt-br/wp-content/uploads/2019/10/logo-hubspot-175x175.png" alt="" title=""   /><br />
									</a></p></div>
<p><!-- .dslc-image -->
		</div>
</p></div>
<p><!-- .dslc-module -->
		</div>
<style type="text/css" id="dslca-modules-area-"></style>
<div  class="dslc-modules-area dslc-col dslc-3-col  dslc-valign-" data-size="3" data-valign="" data-modules-area-id="" >
<div id="dslc-module-fkh2sl2lcog" class="dslc-module-front dslc-module-DSLC_Image dslc-in-viewport-check dslc-in-viewport-anim-none  dslc-col dslc-12-col dslc-last-col  dslc-module-handle-like-regular" data-module-id="fkh2sl2lcog" data-module="DSLC_Image" data-dslc-module-size="12" data-dslc-anim="none" data-dslc-anim-delay="" data-dslc-anim-duration="650"  data-dslc-anim-easing="ease" data-dslc-preset="none" >
<div class="dslc-image-container">
<div class="dslc-image">
<p>									<a class="" href="https://www.google.com/intl/pt-BR_br/partners/about/join/" target="_blank" rel="noopener"><br />
									<img decoding="async" src="https://coregroup.com.br/pt-br/wp-content/uploads/2019/10/logo-google-250x250.png" alt="" title=""   /><br />
									</a></p></div>
<p><!-- .dslc-image -->
		</div>
</p></div>
<p><!-- .dslc-module -->
		</div>
<style type="text/css" id="dslca-modules-area-"></style>
<div  class="dslc-modules-area dslc-col dslc-3-col dslc-last-col dslc-valign-" data-size="3" data-valign="" data-modules-area-id="" >
<div id="dslc-module-chrjr1bg4h8" class="dslc-module-front dslc-module-DSLC_Image dslc-in-viewport-check dslc-in-viewport-anim-none  dslc-col dslc-12-col dslc-last-col  dslc-module-handle-like-regular" data-module-id="chrjr1bg4h8" data-module="DSLC_Image" data-dslc-module-size="12" data-dslc-anim="none" data-dslc-anim-delay="" data-dslc-anim-duration="650"  data-dslc-anim-easing="ease" data-dslc-preset="none" >
<div class="dslc-image-container">
<div class="dslc-image">
<p>									<a class="" href="https://www.rdstation.com/" target="_blank" rel="noopener"><br />
									<img decoding="async" src="https://coregroup.com.br/pt-br/wp-content/uploads/2019/10/logo-rd-175x175.png" alt="" title=""   /><br />
									</a></p></div>
<p><!-- .dslc-image -->
		</div>
</p></div>
<p><!-- .dslc-module -->
		</div>
</div>
</div>
</div>
<p><input type="hidden" id="dslca-post-data-thumb" value="https://coregroup.com.br/pt-br/wp-content/uploads/postthumb-5.png" /></p>
</div></div>

<p>Desde que foi criado em 1967, o Prêmio Aberje vem acompanhando as mudanças do setor e hoje, por meio da apresentação de cases inspiradores e do compartilhamento de experiências, ajuda a promover melhores práticas da comunicação de empresas e instituições de todo o Brasil. A Core já conquistou cinco prêmios da Associação Brasileira de Comunicação Empresarial [&hellip;]</p>
